he hundred thousands digit of 13534959?
5
What is the units digit of 22687528?
8
What is the millions digit of 23514380?
3
What is the ten thousands digit of 27809358?
0
What is the ten thousands digit of 1033669?
3
What is the ten thousands digit of 546194?
4
What is the hundreds digit of 2080218?
2
What is the units digit of 10026578?
8
What is the tens digit of 10197370?
7
What is the hundred thousands digit of 10181413?
1
What is the millions digit of 12848717?
2
What is the ten thousands digit of 690379?
9
What is the tens digit of 233823?
2
What is the millions digit of 12421587?
2
What is the thousands digit of 831998?
1
What is the tens digit of 5454184?
8
What is the tens digit of 216950?
5
What is the ten thousands digit of 190476?
9
What is the hundreds digit of 7146860?
8
What is the hundred thousands digit of 1205237?
2
What is the millions digit of 3527137?
3
What is the hundred thousands digit of 615218?
6
What is the units digit of 215376?
6
What is the hundred thousands digit of 148774?
1
What is the hundred thousands digit of 1373946?
3
What is the hundred thousands digit of 3682119?
6
What is the units digit of 136576?
6
What is the thousands digit of 201264?
1
What is the tens digit of 2394248?
4
What is the tens digit of 2708874?
7
What is the units digit of 2531593?
3
What is the hundreds digit of 2138965?
9
What is the tens digit of 318536?
3
What is the hundred thousands digit of 38686492?
6
What is the units digit of 97773?
3
What is the thousands digit of 455856?
5
What is the ten millions digit of 20749914?
2
What is the units digit of 15002744?
4
What is the millions digit of 17088560?
7
What is the units digit of 530187?
7
What is the thousands digit of 46135?
6
What is the hundreds digit of 2794251?
2
What is the thousands digit of 3756627?
6
What is the tens digit of 13171916?
1
What is the hundreds digit of 2337469?
4
What is the hundred thousands digit of 2028720?
0
What is the thousands digit of 1963382?
3
What is the hundreds digit of 5294?
2
What is the units digit of 171556?
6
What is the ten thousands digit of 89588?
8
What is the tens digit of 1513163?
6
What is the millions digit of 1059868?
1
What is the hundred thousands digit of 197195?
1
What is the hundreds digit of 2325354?
3
What is the hundreds digit of 2728915?
9
What is the units digit of 159286?
6
What is the ten thousands digit of 10419720?
1
What is the hundreds digit of 535908?
9
What is the units digit of 99794?
4
What is the ten millions digit of 16676141?
1
What is the units digit of 117969?
9
What is the hundred thousands digit of 19971408?
9
What is the ten thousands digit of 1167485?
6
What is the thousands digit of 2296482?
6
What is the thousands digit of 903480?
3
What is the hundreds digit of 8163494?
4
What is the tens digit of 5395851?
5
What is the thousands digit of 122971?
2
What is the hundreds digit of 6060308?
3
What is the tens digit of 2630005?
0
What is the thousands digit of 245189?
5
What is the hundreds digit of 330557?
5
What is the thousands digit of 44642?
4
What is the units digit of 460032?
2
What is the hundreds digit of 13222637?
6
What is the ten thousands digit of 71695?
7
What is the ten thousands digit of 2647228?
4
What is the thousands digit of 306552?
6
What is the tens digit of 3211896?
9
What is the units digit of 6879099?
9
What is the hundreds digit of 726002?
0
What is the thousands digit of 434224?
4
What is the thousands digit of 1120932?
0
What is the thousands digit of 257647?
7
What is the tens digit of 1351987?
8
What is the thousands digit of 232901?
2
What is the units digit of 1315123?
3
What is the thousands digit of 2689112?
9
What is the thousands digit of 19593?
9
What is the ten thousands digit of 146961?
4
What is the hundreds digit of 4265273?
2
What is the hundred thousands digit of 185996?
1
What is the hundred thousands digit of 186284?
1
What is the hundreds digit of 60726?
7
What is the hundreds digit of 486353?
3
What is the thousands digit of 505334?
5
What is the thousands digit of 960519?
0
What is the tens digit of 22220?
2
What is the tens digit of 1036586?
8
What is the hundreds digit of 566196?
1
What is the hundreds digit of 843152?
1
What is the tens digit of 122308?
0
What is the tens digit of 149774?
7
What is the tens digit of 485029?
2
What is the hundreds digit of 89530?
5
What is the thousands digit of 7060411?
0
What is the hundreds digit of 442001?
0
What is the ten thousands digit of 34888?
3
What is the thousands digit of 198365?
8
What is the tens digit of 1700635?
3
What is the thousands digit of 160478?
0
What is the ten thousands digit of 131777?
3
What is the ten thousands digit of 26206540?
0
What is the hundred thousands digit of 1752637?
7
What is the millions digit of 1825896?
1
What is the hundreds digit of 1499091?
0
What is the units digit of 453921?
1
What is the hundred thousands digit of 4689651?
6
What is the units digit of 6745971?
1
What is the units digit of 330804?
4
What is the units digit of 838762?
2
What is the hundred thousands digit of 8638472?
6
What is the thousands digit of 5848902?
8
What is the millions digit of 16370630?
6
What is the tens digit of 2730936?
3
What is the ten thousands digit of 16158040?
5
What is the ten millions digit of 16255153?
1
What is the units digit of 2915645?
5
What is the millions digit of 2781933?
2
What is the ten thousands digit of 67872?
6
What is the ten thousands digit of 1184648?
8
What is the hundreds digit of 82699?
6
What is the thousands digit of 1860197?
0
What is the units digit of 3762508?
8
What is the thousands digit of 1202921?
2
What is the hundreds digit of 976885?
8
What is the hundred thousands digit of 376552?
3
What is the thousands digit of 453235?
3
What is the hundreds digit of 9475826?
8
What is the thousands digit of 355936?
5
What is the ten thousands digit of 24258183?
5
What is the ten thousands digit of 36789?
3
What is the hundreds digit of 8543488?
4
What is the units digit of 842428?
8
What is the thousands digit of 12082938?
2
What is the ten thousands digit of 10487174?
8
What is the thousands digit of 619572?
9
What is the ten thousands digit of 233516?
3
What is the tens digit of 5488794?
9
What is the tens digit of 177180?
8
What is the ten thousands digit of 259873?
5
What is the units digit of 57131?
1
What is the thousands digit of 7486449?
6
What is the thousands digit of 2420721?
0
What is the hundred thousands digit of 213621?
2
What is the hundred thousands digit of 6541893?
5
What is the tens digit of 640191?
9
What is the millions digit of 10236970?
0
What is the units digit of 67557?
7
What is the millions digit of 36613905?
6
What is the thousands digit of 985969?
5
What is the ten thousands digit of 191734?
9
What is the hundreds digit of 485659?
6
What is the ten thousands digit of 230093?
3
What is the hundred thousands digit of 604340?
6
What is the tens digit of 64020?
2
What is the ten thousands digit of 1551279?
5
What is the hundreds digit of 44679?
6
What is the ten thousands digit of 3890917?
9
What is the millions digit of 8982632?
8
What is the tens digit of 209779?
7
What is the tens digit of 122858?
5
What is the hundreds digit of 1904801?
8
What is the tens digit of 1636033?
3
What is the thousands digit of 191814?
1
What is the hundred thousands digit of 19972408?
9
What is the millions digit of 22448019?
2
What is the ten thousands digit of 1409970?
0
What is the units digit of 3662919?
9
What is the tens digit of 524485?
8
What is the millions digit of 9447586?
9
What is the thousands digit of 3881828?
1
What is the hundred thousands digit of 2931866?
9
What is the thousands digit of 1749037?
9
What is the hundreds digit of 101509?
5
What is the ten millions digit of 12960455?
1
What is the tens digit of 4093741?
4
What is the tens digit of 195114?
1
What is the units digit of 6028795?
5
What is the millions digit of 1251937?
1
What is the hundred thousands digit of 293585?
2
What is the ten thousands digit of 156140?
5
What is the tens digit of 84002?
0
What is the tens digit of 295264?
6
What is the thousands digit of 139349?
9
What is the tens digit of 26166?
6
What is the units digit of 776495?
5
What is the hundred thousa